{"id":86892,"date":"2024-03-02T22:03:23","date_gmt":"2024-03-02T21:03:23","guid":{"rendered":"https:\/\/wvm-network.de\/wordpress\/?page_id=86892"},"modified":"2024-03-02T22:06:48","modified_gmt":"2024-03-02T21:06:48","slug":"erfolgreich-verkaufen","status":"publish","type":"page","link":"https:\/\/wvm-network.de\/wordpress\/erfolgreich-verkaufen\/","title":{"rendered":"Erfolgreich Verkaufen"},"content":{"rendered":"\t\t<div data-elementor-type=\"wp-page\" data-elementor-id=\"86892\" class=\"elementor elementor-86892\" data-elementor-post-type=\"page\">\n\t\t\t\t<div class=\"default no-position show_shadow elementor-element elementor-element-ed5d70f e-flex e-con-boxed e-con e-parent\" data-id=\"ed5d70f\" data-element_type=\"container\" data-e-type=\"container\">\n\t\t\t\t\t<div class=\"e-con-inner\">\n\t\t\t\t<div class=\"elementor-element elementor-element-ee2ca3c elementor-widget elementor-widget-heading\" data-id=\"ee2ca3c\" data-element_type=\"widget\" data-e-type=\"widget\" data-widget_type=\"heading.default\">\n\t\t\t\t<div class=\"elementor-widget-container\">\n\t\t\t\t\t<h2 class=\"elementor-heading-title elementor-size-default\">Erfolgreich Verkaufen<\/h2>\t\t\t\t<\/div>\n\t\t\t\t<\/div>\n\t\t\t\t\t<\/div>\n\t\t\t\t<\/div>\n\t\t<div class=\"default no-position show_shadow elementor-element elementor-element-a1f44cc e-flex e-con-boxed e-con e-parent\" data-id=\"a1f44cc\" data-element_type=\"container\" data-e-type=\"container\">\n\t\t\t\t\t<div class=\"e-con-inner\">\n\t\t\t\t<div class=\"elementor-element elementor-element-ffe402b elementor-widget elementor-widget-text-editor\" data-id=\"ffe402b\" data-element_type=\"widget\" data-e-type=\"widget\" data-widget_type=\"text-editor.default\">\n\t\t\t\t<div class=\"elementor-widget-container\">\n\t\t\t\t\t\t\t\t\t<p><span style=\"font-family: Arial; color: #000000;\"><span style=\"font-size: large;\"><b>Die f\u00fcnf wichtigsten Voraussetzungen f\u00fcr einen erfolgreichen Verkaufsprozess<\/b><\/span><\/span><\/p><p><span style=\"font-family: Arial; color: #000000;\"><span style=\"font-size: small;\">Kein Verkauf! Oft geh\u00f6rt und gelesen in Anzeigen von MLMlern. Kein Verkauf gibt es nicht. Jeder im MLM verkauft. Produkte, Dienstleistungen und nicht zuletzt seine eigene Leistung. Aber wie kann man jemanden dazu bewegen, das zu kaufen, was man verkaufen will?<\/span><\/span><\/p><ol type=\"1\"><li><p><span style=\"font-family: Arial; color: #000000;\"><span style=\"font-size: small;\">Der Verk\u00e4ufer muss die Bed\u00fcrnisse des K\u00e4ufers hersusfinden und sich bem\u00fchen, diese zufriedenzustellen.<\/span><\/span><\/p><div id=\"netwo-1741866491\" class=\"netwo-test-placement-from-wizard-3068424252 netwo-entity-placement\"><div class=\"netwo-adlabel\">Anzeigen - Gesponserte Links<\/div><!-- Revive Adserver iFrame Tag - Generated with Revive Adserver v6.0.4 -->\r\n<iframe id='a75e6129' name='a75e6129' src='https:\/\/info-webportal.de\/revive-adserver\/www\/delivery\/afr.php?zoneid=27&amp;cb=INSERT_RANDOM_NUMBER_HERE' frameborder='0' scrolling='no' width='468' height='60' allow='autoplay'><a href='https:\/\/info-webportal.de\/revive-adserver\/www\/delivery\/ck.php?n=a15cc9d3&amp;cb=INSERT_RANDOM_NUMBER_HERE' target='_blank'><img src='https:\/\/info-webportal.de\/revive-adserver\/www\/delivery\/avw.php?zoneid=27&amp;cb=INSERT_RANDOM_NUMBER_HERE&amp;n=a15cc9d3' border='0' alt='' \/><\/a><\/iframe>\r\n<\/div><\/li><li><p><span style=\"font-family: Arial; color: #000000;\"><span style=\"font-size: small;\">Der K\u00e4ufer muss das Gef\u00fchl haben, dass der Verk\u00e4ufer absolut ehrlich, glaubw\u00fcrdig und vertrauensw\u00fcrdig ist.<\/span><\/span><\/p><\/li><li><p><span style=\"font-family: Arial; color: #000000;\"><span style=\"font-size: small;\">Der K\u00e4ufer muss Gelegenheit haben, seine Einw\u00e4nde, Zweifel und Bef\u00fcrchtungen zu artikulieren, und das Gef\u00fchl, dass diese vom Verk\u00fcufer akzeptiert werden.<\/span><\/span><\/p><\/li><li><p><span style=\"font-family: Arial; color: #000000;\"><span style=\"font-size: small;\">Der K\u00e4ufer muss das Gef\u00fchl haben, dass er seine Entscheidung frei getroffen hat, ohne von jemanden gedr\u00e4ng oder manipuliert worden zu sein.<\/span><\/span><\/p><\/li><li><p><span style=\"font-family: Arial; color: #000000;\"><span style=\"font-size: small;\">Der K\u00e4ufer muss das Gef\u00fchl haben, dass der Verk\u00e4ufer ein Freund, Partner, ein Berater ist.<\/span><\/span><\/p><\/li><\/ol><p><span style=\"font-family: Arial; color: #000000;\"><span style=\"font-size: small;\">Und so klappt das auch mit dem Verkauf. Aber wollen muss man schon.<\/span><\/span><\/p><div id=\"netwo-3936784344\" class=\"netwo-inhalt netwo-entity-placement\"><div class=\"netwo-adlabel\">Anzeigen - Gesponserte Links<\/div><!-- Revive Adserver iFrame Tag - Generated with Revive Adserver v6.0.4 -->\r\n<iframe id='a75e6129' name='a75e6129' src='https:\/\/info-webportal.de\/revive-adserver\/www\/delivery\/afr.php?zoneid=27&amp;cb=INSERT_RANDOM_NUMBER_HERE' frameborder='0' scrolling='no' width='468' height='60' allow='autoplay'><a href='https:\/\/info-webportal.de\/revive-adserver\/www\/delivery\/ck.php?n=a15cc9d3&amp;cb=INSERT_RANDOM_NUMBER_HERE' target='_blank'><img src='https:\/\/info-webportal.de\/revive-adserver\/www\/delivery\/avw.php?zoneid=27&amp;cb=INSERT_RANDOM_NUMBER_HERE&amp;n=a15cc9d3' border='0' alt='' \/><\/a><\/iframe>\r\n<\/div><p align=\"right\"><span style=\"font-size: xx-small; color: #000000;\">nach Tom Gordon: Die Ansichten eines Psychologen zum Thema Verkau<\/span><\/p>\t\t\t\t\t\t\t\t<\/div>\n\t\t\t\t<\/div>\n\t\t\t\t\t<\/div>\n\t\t\t\t<\/div>\n\t\t\t\t<\/div>\n\t\t","protected":false},"excerpt":{"rendered":"<p>Erfolgreich Verkaufen Die f\u00fcnf wichtigsten Voraussetzungen f\u00fcr einen erfolgreichen Verkaufsprozess Kein Verkauf! Oft geh\u00f6rt und gelesen in Anzeigen von MLMlern. Kein Verkauf gibt es nicht. Jeder im MLM verkauft. Produkte, Dienstleistungen und nicht zuletzt seine eigene Leistung. Aber wie kann man jemanden dazu bewegen, das zu kaufen, was man verkaufen will? Der Verk\u00e4ufer muss die&#8230;<\/p>\n","protected":false},"author":1,"featured_media":0,"parent":0,"menu_order":0,"comment_status":"closed","ping_status":"closed","template":"","meta":{"footnotes":""},"class_list":["post-86892","page","type-page","status-publish","hentry"],"_links":{"self":[{"href":"https:\/\/wvm-network.de\/wordpress\/wp-json\/wp\/v2\/pages\/86892","targetHints":{"allow":["GET"]}}],"collection":[{"href":"https:\/\/wvm-network.de\/wordpress\/wp-json\/wp\/v2\/pages"}],"about":[{"href":"https:\/\/wvm-network.de\/wordpress\/wp-json\/wp\/v2\/types\/page"}],"author":[{"embeddable":true,"href":"https:\/\/wvm-network.de\/wordpress\/wp-json\/wp\/v2\/users\/1"}],"replies":[{"embeddable":true,"href":"https:\/\/wvm-network.de\/wordpress\/wp-json\/wp\/v2\/comments?post=86892"}],"version-history":[{"count":4,"href":"https:\/\/wvm-network.de\/wordpress\/wp-json\/wp\/v2\/pages\/86892\/revisions"}],"predecessor-version":[{"id":86896,"href":"https:\/\/wvm-network.de\/wordpress\/wp-json\/wp\/v2\/pages\/86892\/revisions\/86896"}],"wp:attachment":[{"href":"https:\/\/wvm-network.de\/wordpress\/wp-json\/wp\/v2\/media?parent=86892"}],"curies":[{"name":"wp","href":"https:\/\/api.w.org\/{rel}","templated":true}]}}